 + (-14 + 5 - -9)
-4
-2 - (7 - -12 - 10)
-11
Calculate -6 + (3 - (2 - (0 + 0))).
-5
What is the value of 16 + -11 + 17 + -15?
7
What is (-1 + 1 + 4 - 6) + -4?
-6
Evaluate -4 + (1 - -1) + (0 - 0).
-2
What is -6 + (5 - (0 - 4 - -6))?
-3
Evaluate -5 - (-4 + (0 - 1)).
0
(6 + 1 - 7) + -4
-4
Evaluate -27 + 26 + (2 - (-2 - -1)).
2
Evaluate 1 - (-4 + 0 + 9 - 3).
-1
(1 - 0) + (4 - (4 + 0))
1
What is the value of (-4 + -1 - 6) + 12?
1
Calculate -3 - (-9 + 1 + 4 + -1).
2
-2 + 2 + -5 - (-5 - -1)
-1
What is -1 - (-2 - (-4 + 1) - -2)?
-4
Evaluate -1 - -2 - (19 - 14).
-4
What is 8 - 9 - -2 - (2 + -1)?
0
Calculate 4 - (-1 - (-1 - (4 + -3))).
3
2 + -3 - 6 - -1 - -3
-3
What is 9 + -3 + -5 - 6?
-5
What is (-18 - -20) + -2 + 3?
3
Evaluate (7 - (-6 - -10 - 3)) + -3.
3
What is -14 + (5 - -10) - (0 + 6)?
-5
Calculate (4 - 1) + (4 - 3).
4
Evaluate (-2 - 8) + 0 + 9.
-1
What is -7 - (-3 + -2 + -2 + 5)?
-5
Evaluate -2 - (2 - 2 - 0).
-2
Calculate (-2 - 1) + -6 + 3 + 3.
-3
What is 11 + -26 + 7 - -7?
-1
Calculate 0 - 1 - (-23 - -19).
3
What is the value of (0 + -10 - -3) + 7?
0
What is -38 + 31 - (-1 - 1)?
-5
Calculate 3 - (-4 - -11) - -1.
-3
Calculate (2 - (1 - 2)) + 6 + -11.
-2
What is 12 + -6 - (1 - 0)?
5
What is the value of -4 - (-6 + -13 + 5 + 2)?
8
What is 3 - (-4 - -2) - (6 + 4)?
-5
What is the value of 0 + (-2 - (0 + 1 + 0))?
-3
Calculate (17 - 5 - 7) + -11.
-6
Calculate 7 + -20 + 9 + (11 - -1).
8
Evaluate (3 - -4) + -3 + 1 - 10.
-5
(-2 + 0 + 0 - 0) + -2
-4
What is the value of -6 - (3 - (-4 - -8))?
-5
What is -2 + 4 + 2 - (14 - 15)?
5
What is the value of -5 + 7 + (-3 + 11 - 3)?
7
What is -5 - (-4 - (3 - 7))?
-5
Calculate (-6 - -9) + (-8 - 2) - -12.
5
What is -5 + (1 + 1 - (-9 - -9))?
-3
5 + (5 - 6) + (2 - 2)
4
What is the value of -3 + 3 - (-3 + -1)?
4
What is -2 - (-8 - (-7 + 2))?
1
What is the value of -3 + (3 - 4 - -3)?
-1
What is the value of (-12 - ((8 - 5) + -4)) + 8?
-3
Evaluate 1 + (-5 - -3) + -3.
-4
Evaluate -13 - -14 - (2 + -4 - -2).
1
What is the value of 11 + (-11 + (7 - -1) - -2)?
10
What is the value of (1 - -3) + -5 - (-3 - 0)?
2
Calculate 1 + -2 - (-5 - (-5 + -2)).
-3
What is 10 + -10 + 4 + (-10 - 0)?
-6
What is 6 - (-1 - (-2 - 3))?
2
What is the value of 5 + -1 - (-4 + 6 + 0)?
2
Calculate (4 - 8) + 24 + -13.
7
4 - (5 - 2) - 2
-1
Evaluate (1 - 1) + (-7 - -5).
-2
What is 7 + 9 + -13 + 3 + -2?
4
(1 + -1 - 3) + (-87 - -86)
-4
What is the value of (6 - 2) + 1 + -1 + 0?
4
Evaluate 2 + 5 - (6 + -5).
6
What is the value of 8 + -4 + (0 - 0)?
4
Calculate -7 - (5 + -10) - (0 + 4).
-6
What is 1 + 2 + (-5 - -1)?
-1
-4 + (-5 - -8) - 3
-4
Calculate -5 - ((7 - 4) + -3).
-5
4 + -5 + 1 + -1
-1
Calculate 1 + 1 - (-4 + 16 + -5).
-5
What is the value of -14 + 8 + 6 - 7?
-7
Evaluate 19 - (3 + 9 - 1).
8
Calculate -1 + 1 + 4 + -7.
-3
(-5 - -8) + (-7 - 1)
-5
What is (7 - 7) + -1 + (0 - -1)?
0
126 - 138 - (-19 + 0)
7
Calculate (0 - (-1 - -1)) + (-3 - -7).
4
Evaluate (2 - 0) + 18 + -15 - 3.
2
What is 9 + -6 + 7 + 6 + -9?
7
Evaluate -5 - -1 - (0 - (9 + -1)).
4
-6 + 6 + -2 + 0
-2
What is -30 + 36 - ((6 - -1) + -2)?
1
What is the value of -3 + 1 + -8 + 1 + 6?
-3
Evaluate 5 - (1 + -4 - 1).
9
Evaluate 5 + 4 + -5 - 3.
1
(3 - -1) + (4 - 4)
4
What is (4 - (2 - 3)) + -4?
1
Calculate 0 - ((9 - 1) + -5).
-3
What is the value of 2 + (-1 - 1) - (5 - 6)?
1
Evaluate (-7 - 3) + 8 + -6.
-8
(-11 - 0) + (-9 - 3) + 17
-6
-11 + 7 + 3 + 3 + 2
4
-1 - (5 + 1) - (1 - 9)
1
Evaluate -1 - (-5 + -4 + 10) - -1.
-1
What is the value of -2 + 0 + (-2 - -9)?
5
Evaluate (2 - 0) + 0 - 2.
0
What is the value of -8 + (2 - (0 - 6))?
0
What is the value of -1 - 3 - (4 - (4 + -4))?
-8
Calculate -1 + (-5 + 6 - 1) + 2.
1
What is (8 - (-1 - -18)) + -1?
-10
Evaluate 3 + -2 - (4 - (1 + 4)).
2
5 - 4 - (0 + -3 + -1)
5
Calculate 4 - (-4 + 7) - 0 - -3.
4
(-1 + 4 - -4) + -4
3
(-4 + 2 - -2) + 1 + 2
3
Calculate 10 - (13 + (6 - 0)).
-9
What is the value of (12 - 4) + (-13 - (-4 + -1))?
0
-1 + (1 - -5) + (56 - 59)
2
Evaluate 2 + 0 + (-9 - -3 - -5).
1
What is -3 + (0 + 2 + -4 - -3)?
-2
What is the value of (-3 - -4 - 2) + 0 + 2?
1
Evaluate 3 - (8 + -5 - (7 + -5)).
2
What is the value of -1 + (-3 - (-2 + 5 + -12))?
5
What is the value of (1 - -1) + 4 - 4?
2
Calculate 2 + (-5 - -2) + -2.
-3
Evaluate (8 - 5) + -7 + 10 + -5.
1
What is the value of 1 - ((6 - 3) + 2)?
-4
What is the value of (-1 + 7 - 0) + -9 + 8?
5
What is the value of -71 + 65 - (1 + -2)?
-5
What is the value of -2 + 3 + 3 + (5 - 2)?
7
Calculate 0 + (0 + 4 - 3).
1
What is the value of (6 - 0) + -21 + 19?
4
What is 3 - (-1 - (2 + -4)) - 0?
2
3 - ((-2 - 0) + 1)
4
Evaluate -2 + (1 - 1 - (4 - 1)).
-5
-11 + (30 - 16) + (1 - 1)
3
-7 - (-6 - -2) - -3
0
What is the value of -8 + 0 + 6 + (-6 - -2)?
-6
What is 3 - (-2 - -7 - 1)?
-1
What is -17 - -21 - (3 + 2)?
-1
What is -2 - (0 - (4 - (-1 - -4)))?
-1
What is -2 - -7 - -3 - 11?
-3
What is 12 + -1 + (2 - 9)?
4
1 + 3 - (-4 + 21 + -8)
-5
What is -3 + 5 + 2 + 0?
4
What is the value of 2 + -1 - (2 - (1 + 0))?
0
4 + 4 + 1 + -4 + 0
5
4 - 2 - ((21 - 7) + -9)
-3
-4 + 6 + -3 - -2 - 4
-3
Evaluate 9 - 2 - (8 - 5).
4
Evaluate 12 - 8 - 4 - (0 - 0).
0
Calculate (-17 - -7) + (1 - 0 - -1).
-8
What is the value of 1 + -2 + (8 - 5) + 5?
7
What is 8 + -10 + 6 + -6?
-2
What is -2 + 4 + -1 - -1?
2
2 - (1 + 0 + 1 - 1)
1
(-7 - -6) + -3 + (-3 - -3)
-4
Evaluate 1 + 0 - (-8 - -14 - 2).
-3
Calculate 10 + 2 - (-11 - -30).
-7
What is (-2 - -3) + (-2 - -2)?
1
Evaluate -11 - (8 - (13 - 0)).
-6
What is 5 - 23 - -3 - -13?
-2
What is the value of -8 + 4 - (-5 - (1 + -3))?
-1
What is the value of (-4 - -8) + (1 - 2)?
3
Calculate 5 - ((-2 - 0) + 7).
0
Calculate 2 - 3 - (-6 - -4).
1
What is -8 - (4 - 9 - (12 + -6))?
3
0 - (-2 + -1 + 3 - 0)
0
Calculate -1 - 0 - (5 + -9).
3
Calculate 2 + 0 - (1 - (1 + -3)).
-1
-3 - ((-2 - 6) + 3 + 3)
-1
Calculate -2 + (3 - (-2 - -4 - 2)).
1
1 - (-6 + 1 - -3) - 4
-1
What is (-1 - -1 - (15 - 10)) + 8?
3
What is the value of (-1 - 0) + -4 + 1?
-4
What is the value of (1 - -4 - 5 - -6) + -13?
-7
What is (8 - 5) + -7 - (0 + -2)?
-2
What is the value of 2 + (-3 - -2 - (0 + 4))?
-3
Evaluate -1 - -6 - (31 + -25).
-1
Calculate -2 + 0 + -2 + (11 - 8).
-1
Evaluate (-3 - -2) + -25 + 21.
-5
Evaluate -14 + 1 - (-28 + 20).
-5
What is the value of -2 + 0 - (3 + 4 + -6)?
-3
Calculate -2 + 3 + -6 - -6.
1
4 + (-8 + 7 + -2 - -4)
5
What is 1 - ((3 - 5) + (4 - -3))?
-4
-2 - (3 - 13 - -5) - -3
6
Evaluate 4 - (-4 + 6) - -6.
8
What is 2 + (1 - (3 - 5)) - 2?
3
(2 - -7 - (-2 + 7)) + -1
3
Evaluate (0 - -7) + 8 + -1 + -9.
5
What is the value of 2 - ((2 - 4) + 8)?
-4
1 + (2 - 0) + 3 + -3
3
What is the value of -4 + 11 + (-7 - -13) + -4?
9
Calculate 3 - -3 - 7 - 2.
-3
Calculate -8 - (9 - 0 - 10).
-7
What is the value of -23 + 30 - (-1 - -9)?
-1
2 + 3 - (-11 - (-34 - -12))
-6
-13 + 4 + 10 + -5
-4
5 + -2 + -2 + 1 - 4
-2
What is the value of -6 + (-5 - (0 - 8))?
-3
Calculate (-9 - -10) + (7 - 2).
6
What is (7 - 3) + 2 - (19 - 8)?
-5
-3 - ((-4 + 1 - -4) + -3)
-1
What is 5 + (2 - 3) + 0?
4
What is the value of 0 + -2 + 4 + -3?
-1
Calculate 18 - (5 + 3) - 10.
0
Calculate 0 + 3 + -3 + (2 - -2).
4
What is the value of 6 + -3 + -1 + 0?
2
What is the value of 0 + -3 + (-11 - -13)?
-1
Evaluate 4 + (-6 - -11 - 15).
-6
What is the value of (3 - 4) + -7 + 14?
6
What is 3 + (4 - 0 - (22 + -11))?
-4
(0 - -2) + (5 - (5 - -5))
-3
Evaluate (-3 + 8 + 1 - 0) + -3.
3
Calculate -1 - (-3 + 6) - 1.
-5
What is 0 + 2 + 9 + -8 + -2?
1
What is (5 - 0) + 0 + -11 + 14?
8
Evaluate -3 - ((12 + -4 - 5) + -1).
-5
-3 - (-1 - (-14 + 0 + 7))
-9
Evaluate 6 - (0 + 1 - 5 - -5).
5
4 - 3 - (8 - (-4 - -8))
-3
Calculate -10 + (-7 - -16) + 8.
7
What is -3 + 11 - (13 + 0)?
-5
Calculate (6 - 5) + 0 - (-3 - -1).
3
-2 + 0 - 1 - (46 - 51)
2
What is the value of (-11 - -6) + -1 - (-11 - 0)?
5
What is -4 + 8 + -1 + 1?
4
(1 - 1) + (0 - 5)
-5
Calculate -2 + (0 + 1 - (10 - 8)).
-3
Calculate 1 + -3 + (4 - -3) + -8.
-3
-2 + 3 - (-1 - 0) - -1
3
0 + 0 - ((-6 - 0) + 7)
-1
Calculate -1 - (10 - 0 - 5 - 6).
0
(-1 - (-25 - -6 - -8)) + 1
11
Calculate 5 + -4 + (5 - 3 - 0).
3
What is the value of (3 - 5) + -7 + 13?
4
Calculate (-10 - (9 + -17)) + -5.
-7
What is the value of (-1 - 1) + 1 + (1 - -3)?
3
Calculate 1 + 2 - (16 - 17).
4
What is the value of 0 - (-2 - 2 - -10)?
-6
0 + (-4 - -1 - 0) + -1
-4
Calculate 5 - 0 - (5 +